ghest common divisor of 13 and k.
13
Suppose -4*n - 4*w = -44, 2*n - 3*w = -0*w - 3. Let q(l) = l**3 - 4*l**2 + 2*l. Let o be q(n). Let u = o + -35. What is the highest common divisor of 7 and u?
7
Suppose -5*j = -5*r + 30, 4*j = -r - 0*r - 9. Suppose -3*b + 2 = -b, b = -r*w + 193. What is the greatest common divisor of 16 and w?
16
Let a(r) = 19*r + 3. Let b be a(4). Suppose b = 4*k - 89. Calculate the highest common factor of k and 14.
14
Let j(z) = -3*z + 22. Let b be j(5). What is the highest common factor of b and 14?
7
Let d(a) = 4*a**2 + 3*a + 4. Let h be d(2). Calculate the greatest common factor of h and 2.
2
Let m(r) = 2*r + 2. Let k be m(4). Let i = k - 6. Calculate the greatest common divisor of 36 and i.
4
Let o be (1 + 5)/(3/(-2)). Suppose -5*r + 12 = -4*v - 14, -2*v = 8. Let f be (-191)/o + r/8. What is the greatest common factor of 6 and f?
6
Let r(f) = 2*f**3 - 19*f**2 + 12*f - 22. Let g be r(9). Let d be (-2)/5 - (-36)/15. Calculate the highest common factor of g and d.
1
Let y(b) = -4*b + 13. Let m be y(-3). What is the greatest common divisor of 225 and m?
25
Let s = 16 - -18. Suppose -3*t + 3*p + 2 + 154 = 0, t - 56 = 5*p. Calculate the highest common factor of s and t.
17
Suppose 5*p - 10*p = 10. Let q = 1 - p. Calculate the greatest common divisor of 21 and q.
3
Suppose 20 = 4*u, 2*z + 4*u - 18 - 8 = 0. Let d be z - (-6 - (3 - 1)). Calculate the greatest common divisor of d and 55.
11
Suppose 3*z = 5*q + 41, 2*z - 36 = -0*q - q. Calculate the highest common factor of z and 85.
17
Let i = 1 + 6. Let m = 5 + i. Calculate the highest common factor of m and 132.
12
Suppose 0 = 2*s - s + b - 7, -5*s + 19 = -3*b. Let o = 75 + s. Let v be (-13)/(-1) + -3 + 0. What is the greatest common divisor of v and o?
10
Suppose -x = -6*x - 5. Let z be 0 + 126/(2 - x). Calculate the greatest common divisor of z and 6.
6
Suppose i - 3 = -0*i. Suppose -i*p - 74 = -5*v, 5*v + 2*p - 65 = -6. Calculate the greatest common divisor of v and 117.
13
Let d be (4/3)/((-1)/(-6)). Suppose -5*p - 2 = -7. What is the highest common divisor of d and p?
1
Let i(v) = 16*v - 6. Let d be i(1). Calculate the highest common divisor of d and 20.
10
Let p(d) = -d**2 - 11*d - 7. Let s be p(-9). Calculate the highest common factor of s and 11.
11
Suppose 0 = -3*r - 47 - 37. Let t = r - -46. Calculate the highest common factor of 108 and t.
18
Let p be (-19)/(1 - 0/(-4)). Let j = 27 + p. Calculate the highest common factor of j and 64.
8
Let d be (-17)/(-34) - (-38)/4. What is the greatest common factor of d and 50?
10
Let u(q) = q**3 - 26*q**2 + 32*q - 14. Let n be u(25). Calculate the greatest common divisor of 23 and n.
23
Let p be (-10)/(-4) - (-5)/(-10). Suppose 0 = p*i + 2*i - 8. Calculate the greatest common factor of i and 16.
2
Let d = 31 - 16. Let v be (-3)/d + (-138)/(-15). Let q be 0 + v + 2/2. What is the greatest common factor of q and 30?
10
Let v be 4/(-10) - (-4)/10. Suppose -3*n + 2*n + 28 = v. What is the highest common factor of 70 and n?
14
Suppose 4*g = 5*m + 34, -m + 0 = g - 4. Let r = g + -3. Calculate the highest common factor of r and 9.
3
Let j(r) = -r**3 - 7*r**2 + 12*r + 34. Let b be j(-8). Suppose -21 = 4*d - 93. What is the greatest common divisor of d and b?
2
Let b = 177 + -9. Suppose 2*h = -h + b. Suppose u + 5 = 12. Calculate the highest common factor of u and h.
7
Let d(r) = -3*r + 2*r**2 + 6*r**3 - r**3 + 4*r. Let t be d(-1). Let j be 2/t - 52/(-8). What is the greatest common factor of j and 9?
3
Let z be 67/(-3)*1*-3. Suppose t - 164 - z = 0. Calculate the greatest common factor of 21 and t.
21
Let s(r) be the second derivative of r**3/3 - 3*r. Let g be s(1). Calculate the highest common divisor of 16 and g.
2
Let m(j) = -j**3 + 9*j**2 - 9*j + 9. Let n be m(8). Let x be -45*n*2/(-6). Calculate the highest common factor of 75 and x.
15
Suppose -4*k + 48 = -0*k. What is the greatest common divisor of k and 60?
12
Let c(i) = i - 1. Suppose 0 = 5*r - 10. Let l be c(r). Let y = -44 - -47. What is the highest common divisor of y and l?
1
Let r be (-6)/12 - 90/(-4). Let m be 402/2 + 2 + -5. Calculate the greatest common factor of m and r.
22
Let l(o) be the second derivative of -o**3/6 + 2*o**2 + 3*o. Let k be l(-9). Suppose 23 = -3*s + 452. Calculate the greatest common divisor of s and k.
13
Let u be -2 + (0 - (-1 - 4)). Calculate the greatest common factor of 27 and u.
3
Suppose 0 = -5*s - 5 - 45. Let l = s - -20. Suppose 2*a = -l, -3*a - 23 = h + 2*a. Calculate the greatest common factor of h and 10.
2
Let q be ((-3)/(-1 + -2))/(2/6). What is the highest common factor of 30 and q?
3
Let y be -1 - (3 - 83 - 1). Calculate the highest common factor of 32 and y.
16
Suppose -j + 5*w + 47 + 8 = 0, -3*j + 105 = -3*w. Suppose -10*x + 225 = -7*x. What is the highest common factor of j and x?
15
Let v be 0 - -3 - 1/1. Let w be (-2853)/(-12) + v/8. Suppose 4*j = -c + w, -4*c + 77 = j + 25. What is the greatest common factor of j and 24?
12
Let z(j) = 4 + 9*j - j**3 + 0 - 8*j**2 - 3. Suppose -65 = 5*q + 4*x, -5*q + 4*x - 8 = 17. Let y be z(q). What is the greatest common divisor of 9 and y?
1
Let w be (62/(-4))/(1 + (-3)/2). Calculate the highest common divisor of 124 and w.
31
Suppose 2*l = -l + 21. Suppose -2*f + 3*f = l. Calculate the highest common factor of f and 7.
7
Let j(p) = -7*p. Suppose -2*q = 2 - 0. Let o be j(q). What is the highest common divisor of o and 35?
7
Let d = 32 + -11. Suppose y + 0*y = 0. Let j be -1 - (y - (0 + d)). Calculate the greatest common factor of j and 200.
20
Let t(r) = 17*r + 2. Let p be t(4). Suppose 0 = -4*b + b + 30. What is the highest common factor of p and b?
10
Suppose 5*w - 18 - 7 = 0. Let u = -12 - -17. Suppose -u*k + 40 = 5*c, 0*k + 28 = 5*c + k. Calculate the greatest common factor of c and w.
5
Suppose s + 12 = 5*h - 7, -5*s = 3*h - 17. Let w = 50 - 83. Let q = w + 61. Calculate the greatest common divisor of h and q.
4
Suppose 2*t + 13 = w, 2 = -4*w - 3*t - 1. Suppose -3*x - w*h + 39 = 0, 3*x - 3*h = x + 1. Calculate the highest common divisor of 32 and x.
8
Let j = 1 + -7. Let n = j - -11. Let w = 4 + 1. Calculate the greatest common factor of w and n.
5
Suppose -v - 75 = 4*v. Let j = -1 - v. What is the greatest common divisor of 154 and j?
14
Let u = 16 - 10. Suppose -3*r - 3*p + 30 = 0, -2*r + u = -0*r - 5*p. Calculate the greatest common factor of r and 40.
8
Let w be 4/((-7)/((-21)/(-6))). Let d be ((-2)/(-4))/(w/(-28)). What is the greatest common divisor of 49 and d?
7
Let a be (-3)/8*3/(12/(-32)). Let w be 2*(0 + -1) - -5. What is the highest common divisor of w and a?
3
Let i be -5 - (1 + -3) - -17. What is the greatest common divisor of 154 and i?
14
Let q = -131 - -137. Calculate the highest common divisor of q and 15.
3
Suppose 30 = 2*s - s. Suppose 2*v = -v + s. What is the highest common factor of 60 and v?
10
Suppose 48 = -n + 3*n. Let v be (-2*(-2)/(-4))/(-1). Let l be (v + -25)*(-3)/6. What is the highest common factor of l and n?
12
Suppose 4*k + 7 + 8 = n, 5*k + 6 = -3*n. Let s be (-7 - (-16)/4) + 9. What is the greatest common factor of s and n?
3
Suppose -125 = -2*x - 3*x. Calculate the greatest common divisor of x and 5.
5
Let x be (-1)/(-4*4/(-240)). Let o = x - -39. What is the greatest common divisor of 6 and o?
6
Let j(l) = -3*l - 2. Let s be j(-6). Let v(h) = h**3 + 5*h**2 + h - 4. Let i be v(-4). What is the highest common divisor of s and i?
8
Let w be 6*(1 + -3 - -1). Let a = 7 - w. Calculate the greatest common factor of a and 26.
13
Let w(s) = 5*s - 2. Let l be w(1). Let a be (0 + -1)*(7 + -22). What is the highest common factor of a and l?
3
Let c be -8 - -3 - -26*1. Let r = -56 + 287. What is the highest common factor of r and c?
21
Let d = -21 - -29. Let b(w) = w - 1. Let z be b(3). Let p(y) = -y**2 + 4*y - 2. Let g be p(z). What is the highest common factor of g and d?
2
Suppose 1 = -2*r + 9. Suppose -v = r*v - 240. Calculate the highest common divisor of v and 32.
16
Let u = -4 + 11. Suppose -5*x + u = -33. What is the greatest common factor of 1 and x?
1
Let l be 2*93/6 - 0. Suppose -2*k + k - 2*a = -6, k - l = 3*a. What is the highest common factor of k and 144?
16
Let s be (-4)/(-26) + 698/26. Calculate the greatest common divisor of s and 81.
27
